{"id":102,"date":"2017-11-15T22:49:30","date_gmt":"2017-11-15T21:49:30","guid":{"rendered":"http:\/\/damoss.free.fr\/SanteADomicile\/?page_id=102"},"modified":"2018-11-19T15:31:23","modified_gmt":"2018-11-19T14:31:23","slug":"sadapa","status":"publish","type":"page","link":"https:\/\/www.santedomicilemachecoul.fr\/?page_id=102","title":{"rendered":"SADAPA\/Aides-Soignantes"},"content":{"rendered":"<p><img loading=\"lazy\" decoding=\"async\" class=\"alignright wp-image-160 \" title=\"Aide soignante\" src=\"http:\/\/www.santedomicilemachecoul.fr\/wp-content\/uploads\/2017\/11\/infirmi\u00e8re.png\" alt=\"Aide soignante\" width=\"155\" height=\"183\" \/>Le SADAPA (service de Soins A Domicile Aux Personnes Ag\u00e9es et handicap\u00e9es)\u00a0est compos\u00e9 d&rsquo;une \u00e9quipe d&rsquo;aides-soignantes, encadr\u00e9e par une infirmi\u00e8re coordinatrice et une infirmi\u00e8re adjointe.<\/p>\n<p>Le service s&rsquo;adresse aux personnes de plus de 60 ans en perte d&rsquo;autonomie et aux adultes de moins de 60 ans en situation de handicap ou atteints de pathologies chroniques ou invalidantes.<\/p>\n<p>L&rsquo;intervention s&rsquo;appuie sur <strong>une prescription m\u00e9dicale<\/strong> et est prise en charge \u00e0 100% par les caisses d&rsquo;assurance maladie.<\/p>\n<p>&nbsp;<\/p>\n<h3 style=\"text-align: center;\">Bureau ouvert du lundi au vendredi de 8h00 \u00e0 12h30 et de 14h \u00e0 17h<\/h3>\n<h3 style=\"text-align: center;\">(r\u00e9pondeur en dehors des heures de pr\u00e9sence)<\/h3>\n<h3 style=\"text-align: center;\">TEL : 02.40.02.30.11 ou <a title=\"Formulaire de contact\" href=\"http:\/\/www.santedomicilemachecoul.fr\/?page_id=105\" rel=\"\">formulaire de contact\u00a0<\/a><\/h3>\n<p>&nbsp;<\/p>\n<h4>L&rsquo;\u00e9quipe soignante assure :<\/h4>\n<ul>\n<li>Des soins d&rsquo;hygi\u00e8ne et de pr\u00e9vention<\/li>\n<li>La surveillance de l&rsquo;\u00e9tat de sant\u00e9 du patient<\/li>\n<li>La transmission\u00a0d&rsquo;informations n\u00e9cessaires au suivi de la personne soign\u00e9e<\/li>\n<li>La pr\u00e9servation\u00a0de l&rsquo;autonomie<\/li>\n<li>L&rsquo;accompagnement des personnes en fin de vie et\u00a0de leurs proches<\/li>\n<\/ul>\n<h4>Le\u00a0SADAPA a une capacit\u00e9 d&rsquo;accueil de 35 prises en charge, r\u00e9parties sur les secteurs suivants :<\/h4>\n<ul>\n<li><img loading=\"lazy\" decoding=\"async\" class=\"alignright wp-image-257 size-full\" title=\"Communes desservies\" src=\"http:\/\/www.santedomicilemachecoul.fr\/wp-content\/uploads\/2017\/11\/carteSadapa.png\" alt=\"Communes Interventions Sadapa\" width=\"488\" height=\"299\" srcset=\"https:\/\/www.santedomicilemachecoul.fr\/wp-content\/uploads\/2017\/11\/carteSadapa.png 488w, https:\/\/www.santedomicilemachecoul.fr\/wp-content\/uploads\/2017\/11\/carteSadapa-300x184.png 300w\" sizes=\"auto, (max-width: 488px) 100vw, 488px\" \/>Machecoul-St-M\u00eame<\/li>\n<li>Paulx<\/li>\n<li>La Marne<\/li>\n<li>St-Etienne-De-Mer-Morte<\/li>\n<li>Fresnay-En-Retz<\/li>\n<li>St-Mars-De-Coutais<\/li>\n<\/ul>\n<p>&nbsp;<\/p>\n<p>&nbsp;<\/p>\n<p>&nbsp;<\/p>\n<p><img loading=\"lazy\" decoding=\"async\" class=\"size-medium wp-image-859 alignleft\" src=\"http:\/\/www.santedomicilemachecoul.fr\/wp-content\/uploads\/2018\/11\/photo4-voiture-sadapa-3-300x198.jpg\" alt=\"\" width=\"300\" height=\"198\" srcset=\"https:\/\/www.santedomicilemachecoul.fr\/wp-content\/uploads\/2018\/11\/photo4-voiture-sadapa-3-300x198.jpg 300w, https:\/\/www.santedomicilemachecoul.fr\/wp-content\/uploads\/2018\/11\/photo4-voiture-sadapa-3-768x506.jpg 768w, https:\/\/www.santedomicilemachecoul.fr\/wp-content\/uploads\/2018\/11\/photo4-voiture-sadapa-3-1024x675.jpg 1024w, https:\/\/www.santedomicilemachecoul.fr\/wp-content\/uploads\/2018\/11\/photo4-voiture-sadapa-3.jpg 1506w\" sizes=\"auto, (max-width: 300px) 100vw, 300px\" \/><\/p>\n","protected":false},"excerpt":{"rendered":"<p>Le SADAPA (service de Soins A Domicile Aux Personnes Ag\u00e9es et handicap\u00e9es)\u00a0est compos\u00e9 d&rsquo;une \u00e9quipe d&rsquo;aides-soignantes, encadr\u00e9e par une infirmi\u00e8re coordinatrice et une infirmi\u00e8re adjointe. Le service s&rsquo;adresse aux personnes de plus de 60 ans en perte d&rsquo;autonomie et aux adultes de moins de 60 ans en situation de handicap ou atteints de pathologies chroniques [&hellip;]<\/p>\n","protected":false},"author":1,"featured_media":0,"parent":0,"menu_order":0,"comment_status":"closed","ping_status":"closed","template":"template-full-width.php","meta":{"footnotes":""},"class_list":["post-102","page","type-page","status-publish","hentry"],"_links":{"self":[{"href":"https:\/\/www.santedomicilemachecoul.fr\/index.php?rest_route=\/wp\/v2\/pages\/102","targetHints":{"allow":["GET"]}}],"collection":[{"href":"https:\/\/www.santedomicilemachecoul.fr\/index.php?rest_route=\/wp\/v2\/pages"}],"about":[{"href":"https:\/\/www.santedomicilemachecoul.fr\/index.php?rest_route=\/wp\/v2\/types\/page"}],"author":[{"embeddable":true,"href":"https:\/\/www.santedomicilemachecoul.fr\/index.php?rest_route=\/wp\/v2\/users\/1"}],"replies":[{"embeddable":true,"href":"https:\/\/www.santedomicilemachecoul.fr\/index.php?rest_route=%2Fwp%2Fv2%2Fcomments&post=102"}],"version-history":[{"count":51,"href":"https:\/\/www.santedomicilemachecoul.fr\/index.php?rest_route=\/wp\/v2\/pages\/102\/revisions"}],"predecessor-version":[{"id":863,"href":"https:\/\/www.santedomicilemachecoul.fr\/index.php?rest_route=\/wp\/v2\/pages\/102\/revisions\/863"}],"wp:attachment":[{"href":"https:\/\/www.santedomicilemachecoul.fr\/index.php?rest_route=%2Fwp%2Fv2%2Fmedia&parent=102"}],"curies":[{"name":"wp","href":"https:\/\/api.w.org\/{rel}","templated":true}]}}