{"id":228,"date":"2017-11-18T20:15:32","date_gmt":"2017-11-18T19:15:32","guid":{"rendered":"http:\/\/damoss.free.fr\/SanteADomicile\/?page_id=228"},"modified":"2026-03-19T16:21:36","modified_gmt":"2026-03-19T15:21:36","slug":"228-2","status":"publish","type":"page","link":"https:\/\/www.santedomicilemachecoul.fr\/?page_id=228","title":{"rendered":"Menu de la semaine"},"content":{"rendered":"<h3 style=\"text-align: center;\"><\/h3>\n<h3 style=\"text-align: center;\"><strong><u>POUR UNE ALIMENTATION\u00a0<\/u><\/strong><b><u>\u00c9QUILIBR<\/u><\/b><b><u>\u00c9<\/u><\/b><b><u>E<\/u><\/b><\/h3>\n<h4 style=\"text-align: center;\">Consultez ci-dessous <strong>les menus de la semaine<\/strong><\/h4>\n<h4 style=\"text-align: center;\"><strong>Et composez vous-m\u00eame vos repas !!!<\/strong><\/h4>\n<p><img loading=\"lazy\" decoding=\"async\" class=\"alignnone wp-image-2064\" src=\"http:\/\/www.santedomicilemachecoul.fr\/wp-content\/uploads\/2023\/04\/LOGO-Resto-retz-vous.jpg\" alt=\"\" width=\"182\" height=\"195\" srcset=\"https:\/\/www.santedomicilemachecoul.fr\/wp-content\/uploads\/2023\/04\/LOGO-Resto-retz-vous.jpg 540w, https:\/\/www.santedomicilemachecoul.fr\/wp-content\/uploads\/2023\/04\/LOGO-Resto-retz-vous-279x300.jpg 279w\" sizes=\"auto, (max-width: 182px) 100vw, 182px\" \/><\/p>\n<a href=\"https:\/\/www.santedomicilemachecoul.fr\/wp-content\/uploads\/2026\/03\/semaine-13-14-151.pdf\" class=\"pdfemb-viewer\" style=\"\" data-width=\"max\" data-height=\"max\" data-toolbar=\"bottom\" data-toolbar-fixed=\"off\">semaine 13-14-15(1)<\/a>\n<p><img loading=\"lazy\" decoding=\"async\" class=\"alignnone wp-image-2084 size-full\" src=\"http:\/\/www.santedomicilemachecoul.fr\/wp-content\/uploads\/2023\/07\/IMG20230623075229-scaled.jpg\" alt=\"\" width=\"2560\" height=\"1920\" srcset=\"https:\/\/www.santedomicilemachecoul.fr\/wp-content\/uploads\/2023\/07\/IMG20230623075229-scaled.jpg 2560w, https:\/\/www.santedomicilemachecoul.fr\/wp-content\/uploads\/2023\/07\/IMG20230623075229-300x225.jpg 300w, https:\/\/www.santedomicilemachecoul.fr\/wp-content\/uploads\/2023\/07\/IMG20230623075229-1024x768.jpg 1024w, https:\/\/www.santedomicilemachecoul.fr\/wp-content\/uploads\/2023\/07\/IMG20230623075229-768x576.jpg 768w, https:\/\/www.santedomicilemachecoul.fr\/wp-content\/uploads\/2023\/07\/IMG20230623075229-1536x1152.jpg 1536w, https:\/\/www.santedomicilemachecoul.fr\/wp-content\/uploads\/2023\/07\/IMG20230623075229-2048x1536.jpg 2048w\" sizes=\"auto, (max-width: 2560px) 100vw, 2560px\" \/><\/p>\n<h3 style=\"text-align: center;\">4 agents livreurs sont \u00e0 votre \u00e9coute<\/h3>\n<h3 style=\"text-align: center;\"><strong>DU LUNDI AU VENDREDI<\/strong><\/h3>\n<h3 style=\"text-align: center;\">pour vous aider,<\/h3>\n<h3 style=\"text-align: center;\">si vous le souhaitez,<\/h3>\n<h3 style=\"text-align: center;\">\u00e0 composer vos menus et vous livrent 4 fois\/semaine<\/h3>\n<p>&nbsp;<\/p>\n<h3 style=\"text-align: center;\"><a title=\"Portage de repas\" href=\"http:\/\/www.santedomicilemachecoul.fr\/?page_id=92\">Pr\u00e9sentation du service<\/a> &#8211; <a title=\"Infos pratiques\" href=\"http:\/\/www.santedomicilemachecoul.fr\/?page_id=461\">Infos pratiques<\/a><\/h3>\n","protected":false},"excerpt":{"rendered":"<p>POUR UNE ALIMENTATION\u00a0\u00c9QUILIBR\u00c9E Consultez ci-dessous les menus de la semaine Et composez vous-m\u00eame vos repas !!! 4 agents livreurs sont \u00e0 votre \u00e9coute DU LUNDI AU VENDREDI pour vous aider, si vous le souhaitez, \u00e0 composer vos menus et vous livrent 4 fois\/semaine &nbsp; Pr\u00e9sentation du service &#8211; Infos pratiques<\/p>\n","protected":false},"author":1,"featured_media":0,"parent":738,"menu_order":0,"comment_status":"closed","ping_status":"closed","template":"template-full-width.php","meta":{"footnotes":""},"class_list":["post-228","page","type-page","status-publish","hentry"],"_links":{"self":[{"href":"https:\/\/www.santedomicilemachecoul.fr\/index.php?rest_route=\/wp\/v2\/pages\/228","targetHints":{"allow":["GET"]}}],"collection":[{"href":"https:\/\/www.santedomicilemachecoul.fr\/index.php?rest_route=\/wp\/v2\/pages"}],"about":[{"href":"https:\/\/www.santedomicilemachecoul.fr\/index.php?rest_route=\/wp\/v2\/types\/page"}],"author":[{"embeddable":true,"href":"https:\/\/www.santedomicilemachecoul.fr\/index.php?rest_route=\/wp\/v2\/users\/1"}],"replies":[{"embeddable":true,"href":"https:\/\/www.santedomicilemachecoul.fr\/index.php?rest_route=%2Fwp%2Fv2%2Fcomments&post=228"}],"version-history":[{"count":221,"href":"https:\/\/www.santedomicilemachecoul.fr\/index.php?rest_route=\/wp\/v2\/pages\/228\/revisions"}],"predecessor-version":[{"id":2843,"href":"https:\/\/www.santedomicilemachecoul.fr\/index.php?rest_route=\/wp\/v2\/pages\/228\/revisions\/2843"}],"up":[{"embeddable":true,"href":"https:\/\/www.santedomicilemachecoul.fr\/index.php?rest_route=\/wp\/v2\/pages\/738"}],"wp:attachment":[{"href":"https:\/\/www.santedomicilemachecoul.fr\/index.php?rest_route=%2Fwp%2Fv2%2Fmedia&parent=228"}],"curies":[{"name":"wp","href":"https:\/\/api.w.org\/{rel}","templated":true}]}}