{"id":356,"date":"2017-12-06T18:39:53","date_gmt":"2017-12-06T17:39:53","guid":{"rendered":"http:\/\/www.santedomicilemachecoul.fr\/?page_id=356"},"modified":"2019-03-06T17:54:35","modified_gmt":"2019-03-06T16:54:35","slug":"mention-legale","status":"publish","type":"page","link":"https:\/\/www.santedomicilemachecoul.fr\/?page_id=356","title":{"rendered":"Mentions L\u00e9gales"},"content":{"rendered":"<p>Veuillez trouvez les mentions l\u00e9gales<\/p>\n<p><strong>Editeur du site<\/strong><\/p>\n<div class=\"coordonnees vcard\">\n<p>Sant\u00e9 \u00e0 domicile<br \/>\nRue du calvaire<br \/>\n44270 MACHECOUL-ST-M\u00caME<br \/>\n<span class=\"country-name\">France<\/span><br \/>\n<span class=\"tel\"><span class=\"type\">T\u00e9l. : <\/span>+ 33 (0)2 40 78 50 08<\/span><br \/>\n<a href=\"https:\/\/www.santedomicilemachecoul.fr\">https:\/\/www.santedomicilemachecoul.fr<\/a><\/p>\n<p>Sant\u00e9 \u00e0 domicile est une association d&rsquo;aide \u00e0 la personne.<\/p>\n<p><strong>Conditions d&rsquo;utilisation<\/strong><\/p>\n<p>Ce site accessible sur <a href=\"https:\/\/www.santedomicilemachecoul.fr\">https:\/\/www.santedomicilemachecoul.fr<\/a> est exploit\u00e9 dans le respect de la l\u00e9gislation fran\u00e7aise. L&rsquo;utilisation de ce site est r\u00e9gie par les pr\u00e9sentes conditions g\u00e9n\u00e9rales. En utilisant le site, vous reconnaissez avoir pris connaissance de ces conditions et les avoir accept\u00e9es. Celles-ci pourront \u00eatres modifi\u00e9es \u00e0 tout moment et sans pr\u00e9avis par l&rsquo;association Sant\u00e9 \u00e0 domicile.<br \/>\nL&rsquo;association Sant\u00e9 \u00e0 domicile ne saurait \u00eatre tenu pour responsable en aucune mani\u00e8re d\u2019une mauvaise utilisation du service.<\/p>\n<\/div>\n<div class=\"coordonnees vcard\">\n<p><strong>Limitation de responsabilit\u00e9<\/strong><\/p>\n<\/div>\n<p>Les informations contenues sur ce site sont aussi pr\u00e9cises que possibles et le site est p\u00e9riodiquement remis \u00e0 jour, mais peut toutefois contenir des inexactitudes, des omissions ou des lacunes. Si vous constatez une lacune, erreur ou ce qui parait \u00eatre un dysfonctionnement, merci de bien vouloir le signaler en utilisant le formulaire de contact dans la rubrique \u00ab\u00a0Nous contacter\u00a0\u00bb en d\u00e9crivant le probl\u00e8me de la mani\u00e8re la plus pr\u00e9cise possible (page posant probl\u00e8me, action r\u00e9alis\u00e9e, type d\u2019ordinateur et de navigateur utilis\u00e9, \u2026).<\/p>\n<p>Les liens hypertextes mis en place dans le cadre du pr\u00e9sent site internet en redirection vers d&rsquo;autres ressources pr\u00e9sentes sur le r\u00e9seau Internet ne sauraient engager la responsabilit\u00e9 de Sant\u00e9 \u00e0 domicile.<\/p>\n<p><strong>Litiges<\/strong><\/p>\n<p>Les pr\u00e9sentes conditions sont r\u00e9gies par les lois fran\u00e7aises et toute contestation ou litiges qui pourraient na\u00eetre de l&rsquo;interpr\u00e9tation ou de l&rsquo;ex\u00e9cution de celles-ci seront de la comp\u00e9tence exclusive des tribunaux dont d\u00e9pend le si\u00e8ge social de l&rsquo;association Sant\u00e9 \u00e0 domicile. La langue de r\u00e9f\u00e9rence, pour le r\u00e8glement de contentieux \u00e9ventuels, est le fran\u00e7ais.<\/p>\n<p><strong>Propri\u00e9t\u00e9 intellectuelle<\/strong><\/p>\n<p>Tout le contenu du pr\u00e9sent site, incluant, de fa\u00e7on non limitative, les graphismes, images, textes, vid\u00e9os, animations, sons, logos, gifs et ic\u00f4nes ainsi que leur mise en forme sont la propri\u00e9t\u00e9 exclusive de l&rsquo;association Sant\u00e9 \u00e0 domicile \u00e0 l&rsquo;exception des marques, logos ou contenus appartenant \u00e0 d&rsquo;autres soci\u00e9t\u00e9s partenaires ou auteurs.<\/p>\n<p>Sant\u00e9 \u00e0 domicile ne stocke aucune donn\u00e9es relatives \u00e0 utilisateur du site. Seul un compteur du nombre de visite est mis \u00e0 jour, sans stockage des informations.<\/p>\n<p>Un formulaire de contact peut \u00eatre compl\u00e9t\u00e9 par l&rsquo;utilisateur s&rsquo;il le souhaite.<\/p>\n<p>Les utilisateurs et visiteurs du site internet peuvent mettre en place un hyperlien en direction de ce site, mais uniquement en direction de la page d\u2019accueil, accessible \u00e0 l\u2019URL suivante : <a href=\"https:\/\/www.santedomicilemachecoul.fr\">https:\/\/www.santedomicilemachecoul.fr<\/a>, \u00e0 condition que ce lien s\u2019ouvre dans une nouvelle fen\u00eatre. En particulier un lien vers une sous page (\u00ab lien profond \u00bb) est interdit, ainsi que l\u2019ouverture du pr\u00e9sent site au sein d\u2019un cadre (\u00ab framing \u00bb), sauf l&rsquo;autorisation expresse et pr\u00e9alable de Sant\u00e9 \u00e0 domicile.<\/p>\n<p>Pour toute demande d&rsquo;autorisation ou d&rsquo;information, veuillez nous contacter en utilisant le formulaire de contact dans la rubrique \u00ab\u00a0Nous contacter\u00a0\u00bb.<\/p>\n<p><strong>H\u00e9bergement<br \/>\n<\/strong><\/p>\n<p>OVH<\/p>\n<p><strong>Remarques et suggestions<br \/>\n<\/strong><\/p>\n<p>Sant\u00e9 \u00e0 domicile est \u00e0 votre disposition pour tous vos commentaires ou suggestions. Vous pouvez nous \u00e9crire en utilisant le formulaire de contact dans la rubrique \u00ab\u00a0Nous contacter\u00a0\u00bb<\/p>\n<p><strong>Mise en ligne le : 06\/12\/2016 par DAAM<\/strong><\/p>\n","protected":false},"excerpt":{"rendered":"<p>Veuillez trouvez les mentions l\u00e9gales Editeur du site Sant\u00e9 \u00e0 domicile Rue du calvaire 44270 MACHECOUL-ST-M\u00caME France T\u00e9l. : + 33 (0)2 40 78 50 08 https:\/\/www.santedomicilemachecoul.fr Sant\u00e9 \u00e0 domicile est une association d&rsquo;aide \u00e0 la personne. Conditions d&rsquo;utilisation Ce site accessible sur https:\/\/www.santedomicilemachecoul.fr est exploit\u00e9 dans le respect de la l\u00e9gislation fran\u00e7aise. L&rsquo;utilisation de [&hellip;]<\/p>\n","protected":false},"author":1,"featured_media":0,"parent":0,"menu_order":0,"comment_status":"closed","ping_status":"closed","template":"template-full-width.php","meta":{"footnotes":""},"class_list":["post-356","page","type-page","status-publish","hentry"],"_links":{"self":[{"href":"https:\/\/www.santedomicilemachecoul.fr\/index.php?rest_route=\/wp\/v2\/pages\/356","targetHints":{"allow":["GET"]}}],"collection":[{"href":"https:\/\/www.santedomicilemachecoul.fr\/index.php?rest_route=\/wp\/v2\/pages"}],"about":[{"href":"https:\/\/www.santedomicilemachecoul.fr\/index.php?rest_route=\/wp\/v2\/types\/page"}],"author":[{"embeddable":true,"href":"https:\/\/www.santedomicilemachecoul.fr\/index.php?rest_route=\/wp\/v2\/users\/1"}],"replies":[{"embeddable":true,"href":"https:\/\/www.santedomicilemachecoul.fr\/index.php?rest_route=%2Fwp%2Fv2%2Fcomments&post=356"}],"version-history":[{"count":11,"href":"https:\/\/www.santedomicilemachecoul.fr\/index.php?rest_route=\/wp\/v2\/pages\/356\/revisions"}],"predecessor-version":[{"id":930,"href":"https:\/\/www.santedomicilemachecoul.fr\/index.php?rest_route=\/wp\/v2\/pages\/356\/revisions\/930"}],"wp:attachment":[{"href":"https:\/\/www.santedomicilemachecoul.fr\/index.php?rest_route=%2Fwp%2Fv2%2Fmedia&parent=356"}],"curies":[{"name":"wp","href":"https:\/\/api.w.org\/{rel}","templated":true}]}}