{"id":461,"date":"2017-12-20T14:48:46","date_gmt":"2017-12-20T13:48:46","guid":{"rendered":"http:\/\/www.santedomicilemachecoul.fr\/?page_id=461"},"modified":"2025-01-21T08:31:23","modified_gmt":"2025-01-21T07:31:23","slug":"reponses-a-vos-questions","status":"publish","type":"page","link":"https:\/\/www.santedomicilemachecoul.fr\/?page_id=461","title":{"rendered":"Infos pratiques"},"content":{"rendered":"<ul>\n<li class=\"_2cuy _509q _2vxa\">Sans frais de dossier.<\/li>\n<li class=\"_2cuy _509q _2vxa\">Repas midi et soir : <a href=\"https:\/\/www.santedomicilemachecoul.fr\/?page_id=228\">Voir menu de la semaine<\/a><\/li>\n<li class=\"_2cuy _509q _2vxa\">Le portage des repas s\u2019effectue en liaison froide, les repas sont pr\u00e9sent\u00e9s en barquettes thermo-film\u00e9es.<\/li>\n<li class=\"_2cuy _509q _2vxa\">Proposition de menus adapt\u00e9s \u00e0 vos r\u00e9gimes alimentaires (diab\u00e9tiques, sans sel, diab\u00e9tiques sans sel, hypocaloriques, coup\u00e9).<\/li>\n<li class=\"_2cuy _509q _2vxa\">Livraison 4 fois par semaine (Lundi \/ Mardi \/ Jeudi \/ Vendredi) suivant votre commune, avec des horaires de passage r\u00e9guliers.<\/li>\n<li class=\"_2cuy _509q _2vxa\">Possibilit\u00e9 de livraison de repas sur de courtes p\u00e9riodes.<\/li>\n<li class=\"_2cuy _509q _2vxa\">Possibilit\u00e9 de choisir le nombre de jours de repas par semaine (de 2 \u00e0 7 jours).<\/li>\n<li class=\"_2cuy _509q _2vxa\">Mise en place ou reprise du service rapide (sous 48 heures).<\/li>\n<li>Une seule facture \u00e0 la fin du mois.<\/li>\n<\/ul>\n","protected":false},"excerpt":{"rendered":"<p>Sans frais de dossier. Repas midi et soir : Voir menu de la semaine Le portage des repas s\u2019effectue en liaison froide, les repas sont pr\u00e9sent\u00e9s en barquettes thermo-film\u00e9es. Proposition de menus adapt\u00e9s \u00e0 vos r\u00e9gimes alimentaires (diab\u00e9tiques, sans sel, diab\u00e9tiques sans sel, hypocaloriques, coup\u00e9). Livraison 4 fois par semaine (Lundi \/ Mardi \/ Jeudi [&hellip;]<\/p>\n","protected":false},"author":3,"featured_media":0,"parent":738,"menu_order":0,"comment_status":"closed","ping_status":"closed","template":"template-full-width.php","meta":{"footnotes":""},"class_list":["post-461","page","type-page","status-publish","hentry"],"_links":{"self":[{"href":"https:\/\/www.santedomicilemachecoul.fr\/index.php?rest_route=\/wp\/v2\/pages\/461","targetHints":{"allow":["GET"]}}],"collection":[{"href":"https:\/\/www.santedomicilemachecoul.fr\/index.php?rest_route=\/wp\/v2\/pages"}],"about":[{"href":"https:\/\/www.santedomicilemachecoul.fr\/index.php?rest_route=\/wp\/v2\/types\/page"}],"author":[{"embeddable":true,"href":"https:\/\/www.santedomicilemachecoul.fr\/index.php?rest_route=\/wp\/v2\/users\/3"}],"replies":[{"embeddable":true,"href":"https:\/\/www.santedomicilemachecoul.fr\/index.php?rest_route=%2Fwp%2Fv2%2Fcomments&post=461"}],"version-history":[{"count":22,"href":"https:\/\/www.santedomicilemachecoul.fr\/index.php?rest_route=\/wp\/v2\/pages\/461\/revisions"}],"predecessor-version":[{"id":2511,"href":"https:\/\/www.santedomicilemachecoul.fr\/index.php?rest_route=\/wp\/v2\/pages\/461\/revisions\/2511"}],"up":[{"embeddable":true,"href":"https:\/\/www.santedomicilemachecoul.fr\/index.php?rest_route=\/wp\/v2\/pages\/738"}],"wp:attachment":[{"href":"https:\/\/www.santedomicilemachecoul.fr\/index.php?rest_route=%2Fwp%2Fv2%2Fmedia&parent=461"}],"curies":[{"name":"wp","href":"https:\/\/api.w.org\/{rel}","templated":true}]}}